{"id":210,"date":"2020-06-29T15:40:22","date_gmt":"2020-06-29T13:40:22","guid":{"rendered":"https:\/\/emaxa.hu\/?page_id=210"},"modified":"2020-10-27T13:02:01","modified_gmt":"2020-10-27T12:02:01","slug":"projektek","status":"publish","type":"page","link":"https:\/\/emaxa.hu\/index.php\/hu\/projektek\/","title":{"rendered":"Projektek"},"content":{"rendered":"<div data-colibri-id=\"210-c1\" class=\"style-368 style-local-210-c1 position-relative\">\n  <!---->\n  <div data-colibri-component=\"section\" data-colibri-id=\"210-c2\" id=\"title\" class=\"h-section h-section-global-spacing d-flex align-items-lg-center align-items-md-center align-items-center style-437 style-local-210-c2 position-relative\">\n    <!---->\n    <!---->\n    <div class=\"h-section-grid-container h-section-boxed-container\">\n      <!---->\n      <div data-colibri-id=\"210-c3\" class=\"h-row-container gutters-row-lg-2 gutters-row-md-2 gutters-row-0 gutters-row-v-lg-2 gutters-row-v-md-2 gutters-row-v-2 style-441 style-local-210-c3 position-relative\">\n        <!---->\n        <div class=\"h-row justify-content-lg-center justify-content-md-center justify-content-center align-items-lg-stretch align-items-md-stretch align-items-stretch gutters-col-lg-2 gutters-col-md-2 gutters-col-0 gutters-col-v-lg-2 gutters-col-v-md-2 gutters-col-v-2\">\n          <!---->\n          <div class=\"h-column h-column-container d-flex h-col-lg-auto h-col-md-auto h-col-auto style-442-outer style-local-210-c4-outer\">\n            <div data-colibri-id=\"210-c4\" class=\"d-flex h-flex-basis h-column__inner h-px-lg-2 h-px-md-2 h-px-2 v-inner-lg-2 v-inner-md-2 v-inner-2 style-442 style-local-210-c4 position-relative\">\n              <!---->\n              <!---->\n              <div class=\"w-100 h-y-container h-column__content h-column__v-align flex-basis-100 align-self-lg-start align-self-md-start align-self-start\">\n                <!---->\n                <div data-colibri-id=\"210-c5\" class=\"h-global-transition-all h-heading style-443 style-local-210-c5 position-relative h-element\">\n                  <!---->\n                  <div class=\"h-heading__outer style-443 style-local-210-c5\">\n                    <!---->\n                    <!---->\n                    <h4 class=\"\">Szakter\u00fclet\u00fcnk az \u00fczleti optimaliz\u00e1l\u00e1s \u00e9s a matematikai modellez\u00e9s\/anal\u00edzis, amellyel t\u00f6bbek k\u00f6z\u00f6tt gy\u00e1rt\u00e1si m\u0171veleteket, tervezett prevent\u00edv karbantart\u00e1st, adatkezel\u00e9st, d\u00f6nt\u00e9sseg\u00edt\u00e9st, \u00fatvonal-optimaliz\u00e1l\u00e1st, valamint ell\u00e1t\u00f3 h\u00e1l\u00f3zatot\n                      tuduk fejleszteni.<\/h4>\n                  <\/div>\n                <\/div>\n              <\/div>\n            <\/div>\n          <\/div>\n        <\/div>\n      <\/div>\n      <div data-colibri-id=\"210-c6\" class=\"h-row-container gutters-row-lg-2 gutters-row-md-2 gutters-row-0 gutters-row-v-lg-2 gutters-row-v-md-2 gutters-row-v-2 style-438 style-local-210-c6 position-relative\">\n        <!---->\n        <div class=\"h-row justify-content-lg-center justify-content-md-center justify-content-center align-items-lg-stretch align-items-md-stretch align-items-stretch gutters-col-lg-2 gutters-col-md-2 gutters-col-0 gutters-col-v-lg-2 gutters-col-v-md-2 gutters-col-v-2\">\n          <!---->\n          <div class=\"h-column h-column-container d-flex h-col-lg-auto h-col-md-auto h-col-auto style-439-outer style-local-210-c7-outer\">\n            <div data-colibri-id=\"210-c7\" class=\"d-flex h-flex-basis h-column__inner h-px-lg-2 h-px-md-2 h-px-2 v-inner-lg-2 v-inner-md-2 v-inner-2 style-439 style-local-210-c7 position-relative\">\n              <!---->\n              <!---->\n              <div class=\"w-100 h-y-container h-column__content h-column__v-align flex-basis-100 align-self-lg-start align-self-md-start align-self-start\">\n                <!---->\n                <div data-colibri-id=\"210-c8\" class=\"h-row-container gutters-row-lg-2 gutters-row-md-2 gutters-row-0 gutters-row-v-lg-2 gutters-row-v-md-2 gutters-row-v-2 style-444 style-local-210-c8 position-relative\">\n                  <!---->\n                  <div class=\"h-row justify-content-lg-center justify-content-md-center justify-content-center align-items-lg-stretch align-items-md-stretch align-items-stretch gutters-col-lg-2 gutters-col-md-2 gutters-col-0 gutters-col-v-lg-2 gutters-col-v-md-2 gutters-col-v-2\">\n                    <!---->\n                    <div class=\"h-column h-column-container d-flex h-col-lg-auto h-col-md-auto h-col-auto style-445-outer style-local-210-c9-outer\">\n                      <div data-colibri-id=\"210-c9\" class=\"d-flex h-flex-basis h-column__inner h-px-lg-2 h-px-md-2 h-px-2 v-inner-lg-2 v-inner-md-2 v-inner-2 style-445 style-local-210-c9 position-relative\">\n                        <!---->\n                        <!---->\n                        <div class=\"w-100 h-y-container h-column__content h-column__v-align flex-basis-100 align-self-lg-start align-self-md-start align-self-start\">\n                          <!---->\n                          <div data-colibri-id=\"210-c10\" class=\"h-global-transition-all h-heading style-447 style-local-210-c10 position-relative h-element\">\n                            <!---->\n                            <div class=\"h-heading__outer style-447 style-local-210-c10\">\n                              <!---->\n                              <!---->\n                              <h4 class=\"\">Contact Center Workforce Management Solution<\/h4>\n                            <\/div>\n                          <\/div>\n                          <div data-colibri-id=\"210-c11\" class=\"h-text h-text-component style-448 style-local-210-c11 position-relative h-element\">\n                            <!---->\n                            <!---->\n                            <div class=\"\">\n                              <p>Az \u201cEMAXA WFCP\u201d egy teljesen web-alap\u00fa munkaer\u0151-menedzsment megold\u00e1s amely egy szofsztik\u00e1lt optimaliz\u00e1l\u00f3 motoron alapszik, \u00edgy biztos\u00edtva a szinkroniz\u00e1lt m\u0171k\u00f6d\u00e9st az SLA-val \u00e9s a beoszt\u00e1ssal \u00f6sszhangban.<\/p>\n                              <p>A term\u00e9ket jelet\u0151s telekommuni\u00e1ci\u00f3s \u00e9s villamosenergetikai v\u00e1llalatok haszn\u00e1lj\u00e1k \u00e9s t\u00f6bb sz\u00e1z dolgoz\u00f3 napi beoszt\u00e1s\u00e1t tervezi.<\/p>\n                            <\/div>\n                          <\/div>\n                        <\/div>\n                      <\/div>\n                    <\/div>\n                    <div class=\"h-column h-column-container d-flex h-col-lg-auto h-col-md-auto h-col-auto style-446-outer style-local-210-c12-outer\">\n                      <div data-colibri-id=\"210-c12\" class=\"d-flex h-flex-basis h-column__inner h-px-lg-2 h-px-md-2 h-px-2 v-inner-lg-2 v-inner-md-2 v-inner-2 style-446 style-local-210-c12 position-relative\">\n                        <!---->\n                        <!---->\n                        <div class=\"w-100 h-y-container h-column__content h-column__v-align flex-basis-100 align-self-lg-start align-self-md-start align-self-start\">\n                          <!---->\n                          <div data-colibri-id=\"210-c13\" class=\"h-global-transition-all h-heading style-451 style-local-210-c13 position-relative h-element\">\n                            <!---->\n                            <div class=\"h-heading__outer style-451 style-local-210-c13\">\n                              <!---->\n                              <!---->\n                              <h4 class=\"\">Rendszeres \u00datvonal Ellen\u0151rz\u00e9s Optimaliz\u00e1l\u00e1s<\/h4>\n                            <\/div>\n                          <\/div>\n                          <div data-colibri-id=\"210-c14\" class=\"h-text h-text-component style-452 style-local-210-c14 position-relative h-element\">\n                            <!---->\n                            <!---->\n                            <div class=\"\">\n                              <p>Ez a projekt analiz\u00e1lta \u00e9s optimaliz\u00e1lta a napi \u00fatjait a Magyar K\u00f6z\u00fat Nonprofit Zrt. megfigyel\u0151j\u00e1rm\u0171veinek. Kimutatta, hogy nagy tartal\u00e9kok vannak a jelenlegi rendszerben \u00e9s a megfigyelt megy\u00e9ben a hat gar\u00e1zsb\u00f3l egyet biztons\u00e1gosan\n                                ki lehetne z\u00e1rni a rendszerb\u0151l.<\/p>\n                            <\/div>\n                          <\/div>\n                        <\/div>\n                      <\/div>\n                    <\/div>\n                  <\/div>\n                <\/div>\n                <div data-colibri-id=\"210-c15\" class=\"h-row-container gutters-row-lg-2 gutters-row-md-2 gutters-row-0 gutters-row-v-lg-2 gutters-row-v-md-2 gutters-row-v-2 style-453 style-local-210-c15 position-relative\">\n                  <!---->\n                  <div class=\"h-row justify-content-lg-center justify-content-md-center justify-content-center align-items-lg-stretch align-items-md-stretch align-items-stretch gutters-col-lg-2 gutters-col-md-2 gutters-col-0 gutters-col-v-lg-2 gutters-col-v-md-2 gutters-col-v-2\">\n                    <!---->\n                    <div class=\"h-column h-column-container d-flex h-col-lg-auto h-col-md-auto h-col-auto style-454-outer style-local-210-c16-outer\">\n                      <div data-colibri-id=\"210-c16\" class=\"d-flex h-flex-basis h-column__inner h-px-lg-2 h-px-md-2 h-px-2 v-inner-lg-2 v-inner-md-2 v-inner-2 style-454 style-local-210-c16 position-relative\">\n                        <!---->\n                        <!---->\n                        <div class=\"w-100 h-y-container h-column__content h-column__v-align flex-basis-100 align-self-lg-start align-self-md-start align-self-start\">\n                          <!---->\n                          <div data-colibri-id=\"210-c17\" class=\"h-global-transition-all h-heading style-459 style-local-210-c17 position-relative h-element\">\n                            <!---->\n                            <div class=\"h-heading__outer style-459 style-local-210-c17\">\n                              <!---->\n                              <!---->\n                              <h4 class=\"\">\u00datellen\u0151rz\u0151 j\u00e1rm\u0171 \u00fatvonaloptimaliz\u00e1l\u00e1sa<\/h4>\n                            <\/div>\n                          <\/div>\n                          <div data-colibri-id=\"210-c18\" class=\"h-text h-text-component style-460 style-local-210-c18 position-relative h-element\">\n                            <!---->\n                            <!---->\n                            <div class=\"\">\n                              <p>Kifejlesztett\u00fcnk egy optimaliz\u00e1l\u00f3 eszk\u00f6zt amely a napi \u00fatvonal\u00e1t tervezi az ellen\u0151rz\u0151 j\u00e1rm\u0171nek amely 3D adatb\u00e1zist k\u00e9sz\u00edt. Egy navig\u00e1ci\u00f3s applet protot\u00edpus is k\u00e9sz\u00fclt a projekthez.<\/p>\n                            <\/div>\n                          <\/div>\n                        <\/div>\n                      <\/div>\n                    <\/div>\n                    <div class=\"h-column h-column-container d-flex h-col-lg-auto h-col-md-auto h-col-auto style-455-outer style-local-210-c19-outer\">\n                      <div data-colibri-id=\"210-c19\" class=\"d-flex h-flex-basis h-column__inner h-px-lg-2 h-px-md-2 h-px-2 v-inner-lg-2 v-inner-md-2 v-inner-2 style-455 style-local-210-c19 position-relative\">\n                        <!---->\n                        <!---->\n                        <div class=\"w-100 h-y-container h-column__content h-column__v-align flex-basis-100 align-self-lg-start align-self-md-start align-self-start\">\n                          <!---->\n                          <div data-colibri-id=\"210-c20\" class=\"h-global-transition-all h-heading style-461 style-local-210-c20 position-relative h-element\">\n                            <!---->\n                            <div class=\"h-heading__outer style-461 style-local-210-c20\">\n                              <!---->\n                              <!---->\n                              <h4 class=\"\">LEMON \u2013 Library for Efficient Modeling and Optimization in Networks<\/h4>\n                            <\/div>\n                          <\/div>\n                          <div data-colibri-id=\"210-c21\" class=\"h-text h-text-component style-462 style-local-210-c21 position-relative h-element\">\n                            <!---->\n                            <!---->\n                            <div class=\"\">\n                              <p>Mi vagyunk a fenntart\u00f3ja \u00e9s rendszeres hozz\u00e1j\u00e1rul\u00f3ja a LEMON projektnek (\n                                <a href=\"http:\/\/lemon.cs.elte.hu\" class=\"customize-unpreviewable\">http:\/\/lemon.cs.elte.hu<\/a>), egy ny\u00edlt forr\u00e1sk\u00f3d\u00fa C++ k\u00f6nyvt\u00e1r amely gr\u00e1fokkal \u00e9s h\u00e1l\u00f3zatokkal kapcsolatos optimaliz\u00e1l\u00e1si probl\u00e9m\u00e1kkal foglalkozik. Robosztus \u00e9s effekt\u00edv haszn\u00e1lat\u00e1t biztos\u00edtja adatb\u00e1zisoknak \u00e9s algoritmusoknak.\n                                Sz\u00e9lesk\u00f6r\u0171 haszn\u00e1latban van mind akad\u00e9miai kutat\u00e1sban \u00e9s piaci alkalmaz\u00e1sokban<\/p>\n                            <\/div>\n                          <\/div>\n                        <\/div>\n                      <\/div>\n                    <\/div>\n                  <\/div>\n                <\/div>\n              <\/div>\n            <\/div>\n          <\/div>\n        <\/div>\n      <\/div>\n    <\/div>\n  <\/div>\n<\/div>","protected":false},"excerpt":{"rendered":"<p>Szakter\u00fclet\u00fcnk az \u00fczleti optimaliz\u00e1l\u00e1s \u00e9s a matematikai modellez\u00e9s\/anal\u00edzis, amellyel t\u00f6bbek k\u00f6z\u00f6tt gy\u00e1rt\u00e1si m\u0171veleteket, tervezett prevent\u00edv karbantart\u00e1st, adatkezel\u00e9st, d\u00f6nt\u00e9sseg\u00edt\u00e9st, \u00fatvonal-optimaliz\u00e1l\u00e1st, valamint ell\u00e1t\u00f3 h\u00e1l\u00f3zatot tuduk fejleszteni. Contact Center Workforce Management Solution Az \u201cEMAXA WFCP\u201d egy teljesen web-alap\u00fa munkaer\u0151-menedzsment megold\u00e1s amely egy szofsztik\u00e1lt optimaliz\u00e1l\u00f3 motoron alapszik, \u00edgy biztos\u00edtva a szinkroniz\u00e1lt m\u0171k\u00f6d\u00e9st az SLA-val \u00e9s a beoszt\u00e1ssal \u00f6sszhangban. A [&hellip;]<\/p>\n","protected":false},"author":4,"featured_media":0,"parent":0,"menu_order":0,"comment_status":"closed","ping_status":"closed","template":"page-templates\/full-width-page.php","meta":{"kt_blocks_editor_width":""},"_links":{"self":[{"href":"https:\/\/emaxa.hu\/index.php\/wp-json\/wp\/v2\/pages\/210"}],"collection":[{"href":"https:\/\/emaxa.hu\/index.php\/wp-json\/wp\/v2\/pages"}],"about":[{"href":"https:\/\/emaxa.hu\/index.php\/wp-json\/wp\/v2\/types\/page"}],"author":[{"embeddable":true,"href":"https:\/\/emaxa.hu\/index.php\/wp-json\/wp\/v2\/users\/4"}],"replies":[{"embeddable":true,"href":"https:\/\/emaxa.hu\/index.php\/wp-json\/wp\/v2\/comments?post=210"}],"version-history":[{"count":9,"href":"https:\/\/emaxa.hu\/index.php\/wp-json\/wp\/v2\/pages\/210\/revisions"}],"predecessor-version":[{"id":764,"href":"https:\/\/emaxa.hu\/index.php\/wp-json\/wp\/v2\/pages\/210\/revisions\/764"}],"wp:attachment":[{"href":"https:\/\/emaxa.hu\/index.php\/wp-json\/wp\/v2\/media?parent=210"}],"curies":[{"name":"wp","href":"https:\/\/api.w.org\/{rel}","templated":true}]}}